{"id":35,"date":"2014-12-08T15:50:15","date_gmt":"2014-12-08T15:50:15","guid":{"rendered":"http:\/\/sweetlaker.de\/cms\/?page_id=35"},"modified":"2015-01-14T10:05:17","modified_gmt":"2015-01-14T09:05:17","slug":"spotinformationen","status":"publish","type":"page","link":"http:\/\/sweetlaker.de\/cms\/spotinformationen\/","title":{"rendered":"Spotinformationen"},"content":{"rendered":"<p><a href=\"http:\/\/sweetlaker.de\/cms\/wp-content\/uploads\/2014\/12\/spots.jpg\"><img loading=\"lazy\" decoding=\"async\" class=\"alignleft size-full wp-image-2178\" src=\"http:\/\/sweetlaker.de\/cms\/wp-content\/uploads\/2014\/12\/spots.jpg\" alt=\"spots\" width=\"384\" height=\"386\" srcset=\"http:\/\/sweetlaker.de\/cms\/wp-content\/uploads\/2014\/12\/spots.jpg 384w, http:\/\/sweetlaker.de\/cms\/wp-content\/uploads\/2014\/12\/spots-150x150.jpg 150w, http:\/\/sweetlaker.de\/cms\/wp-content\/uploads\/2014\/12\/spots-298x300.jpg 298w\" sizes=\"auto, (max-width: 384px) 100vw, 384px\" \/><\/a>Alle abgebildeten Spots funktionieren hervorragend bei westlichen Winden. Der See ist 6 km lang und an seiner breitesten Stelle Nordstrand ca 1km breit. Der Einstieg am Nordufer ist flach und mit Kies ausgelegt. Bei Grundber\u00fchrung schleift\u00b4s die Finne. Das S\u00fcdufer um Aseleben hat einen \u00e4hnlichen Einstieg ein paar Meter weg wird\u00b4s schlammig. Der Segelhafen ist nur aus Ausgangspunkt der dort ans\u00e4ssigen Mitglieder zu sehen. Vom Zeltplatz aus k\u00f6nnen nur Zeltplatznutzer surfen.<\/p>\n<p><strong>Windsurfingclub:<\/strong> Der Spot direkt neben der Rettungswacht, mit Parkplatz, Riggwiese und Riggst\u00e4nder f\u00fcr alle Mitglieder und Nichtmitglieder so lange der Platz reicht. Hier werden Schulungen und Lehrg\u00e4nge absolviert und Mitglieder k\u00f6nnen ihr Material in die bereitgestellten Container sicher einlagern. Funktioniert bei allen Winden gut. Bei Nordwinden cruist man nach Aseleben. Bei West- und Nordwestwinden \u00fcber 6 Bft. bauten sich Sprungrampen bis zu 80cm auf.<br \/>\n<strong>Nordstrand:<\/strong> Hier treffen sich meist alle nicht Mitglieder des Windsurfingclubs. Wildes Parken ist hier meist geduldet, bis abgestraft wird. Flacher Einstieg mit Kies und Aufriggwiese. Bei west- und s\u00fcdlichen Winden gut zu fahren. Bei \u00f6stlichen Winden starke Windabdeckung durch die Burg.<br \/>\n<strong>S\u00fcdstrand:<\/strong> An dem Spot landen Anf\u00e4nger, wenn sie nicht mehr auf\u00b4s Brett kommen und abgetrieben sind. Bei starken West- und Nordwestwinden bauen sich hier zwischen Burg und S\u00fcdstrand durch das stark abflachende Wasser die besten Sprungrampen auf. Tolle Soulsessions vor der Promenade mit Sicht auf die Burg sind versprochen.<br \/>\n<strong>Aseleben:<\/strong> Einstieg und kostenpflichtiger Parkplatz direkt hinter der Gastst\u00e4tte. Der Sport wird vorwiegend bei Nordwind genutzt. Zwei Berge lassen eine Luftd\u00fcse zu, welche eigentlich nur den Spot ordentlich zubl\u00e4st. Aufpassen beim Reinfahren, hier gibt es kurz vor dem Ufer eine sehr flache, nicht gekennzeichnete Sektion. Ein echter Finnenabrei\u00dfer und Brettaufrei\u00dfer. Informiert euch bitte vor Ort<\/p>\n","protected":false},"excerpt":{"rendered":"<p>Alle abgebildeten Spots funktionieren hervorragend bei westlichen Winden. Der See ist 6 km lang und an seiner breitesten Stelle Nordstrand&#46;&#46;&#46;<\/p>\n","protected":false},"author":1,"featured_media":0,"parent":0,"menu_order":0,"comment_status":"closed","ping_status":"closed","template":"","meta":{"ngg_post_thumbnail":0,"footnotes":""},"class_list":["post-35","page","type-page","status-publish","hentry"],"_links":{"self":[{"href":"http:\/\/sweetlaker.de\/cms\/wp-json\/wp\/v2\/pages\/35","targetHints":{"allow":["GET"]}}],"collection":[{"href":"http:\/\/sweetlaker.de\/cms\/wp-json\/wp\/v2\/pages"}],"about":[{"href":"http:\/\/sweetlaker.de\/cms\/wp-json\/wp\/v2\/types\/page"}],"author":[{"embeddable":true,"href":"http:\/\/sweetlaker.de\/cms\/wp-json\/wp\/v2\/users\/1"}],"replies":[{"embeddable":true,"href":"http:\/\/sweetlaker.de\/cms\/wp-json\/wp\/v2\/comments?post=35"}],"version-history":[{"count":3,"href":"http:\/\/sweetlaker.de\/cms\/wp-json\/wp\/v2\/pages\/35\/revisions"}],"predecessor-version":[{"id":2179,"href":"http:\/\/sweetlaker.de\/cms\/wp-json\/wp\/v2\/pages\/35\/revisions\/2179"}],"wp:attachment":[{"href":"http:\/\/sweetlaker.de\/cms\/wp-json\/wp\/v2\/media?parent=35"}],"curies":[{"name":"wp","href":"https:\/\/api.w.org\/{rel}","templated":true}]}}