{"id":45,"date":"2014-12-08T15:54:55","date_gmt":"2014-12-08T15:54:55","guid":{"rendered":"http:\/\/sweetlaker.de\/cms\/?page_id=45"},"modified":"2021-05-05T08:48:48","modified_gmt":"2021-05-05T06:48:48","slug":"beitragsordnung","status":"publish","type":"page","link":"http:\/\/sweetlaker.de\/cms\/beitragsordnung\/","title":{"rendered":"Beitragsordnung"},"content":{"rendered":"<p><strong>Beitrags\u2011 und Finanzordnung &nbsp;<\/strong>(<a href=\"http:\/\/sweetlaker.de\/cms\/wp-content\/uploads\/2021\/05\/Beitragsordnung-2020.pdf\" target=\"_blank\" rel=\"noopener\">PDF Download<\/a>)<strong>&nbsp;<\/strong>(Stand: 24.01.2015)<\/p>\n<p>&nbsp;<\/p>\n<p><strong>(1) Aufnahmegeb\u00fchr<\/strong><\/p>\n<p>Die Aufnahmegeb\u00fchr betr\u00e4gt 50,00 EUR.<\/p>\n<p>Sie ist vor Beginn der einj\u00e4hrigen Probemitgliedschaft f\u00e4llig.<\/p>\n<p>Bei einer eventuellen Ablehnung der endg\u00fcltigen Aufnahme in den Verein nach Ablauf der Probemitgliedschaft und nach dem Ausscheiden aus dem Verein erfolgt keine R\u00fcckzahlung der Aufnahmegeb\u00fchr.<\/p>\n<p>&nbsp;<\/p>\n<p><strong>(2) Beitr\u00e4ge<\/strong><\/p>\n<p><strong>(a)<\/strong> Es gelten folgende Monatsbeitr\u00e4ge:<\/p>\n<p>&#8211; Mitglieder allgemein&nbsp;=&nbsp;10,00 EUR<\/p>\n<p>&#8211; Auszubildende\/Berufssch\u00fcler\/Studenten&nbsp;=&nbsp;5,00 EUR<\/p>\n<p>&#8211; Rentner&nbsp;=&nbsp;5,00 EUR<\/p>\n<p>&#8211; Sch\u00fcler&nbsp;=&nbsp;1,00 EUR<\/p>\n<p>Der Beitrag ist bis zum 1. Werktag eines jeden Monats f\u00fcr diesen Monat f\u00e4llig.<\/p>\n<p><strong>(b)<\/strong> Wenn bei j\u00e4hrlicher Zahlungsweise der Beitrag bis zum 31. Dezember des Vorjahres f\u00fcr das darauffolgende Jahr vollst\u00e4ndig entrichtet wird, wird ein Nachlass von 2 Monatsbeitr\u00e4gen gew\u00e4hrt. Ma\u00dfgeblich ist das Datum des Zahlungseingangs.<\/p>\n<p>&nbsp;<\/p>\n<p><strong>(3) Geb\u00fchren und Entgelte<\/strong><\/p>\n<p><strong>(a)<\/strong> F\u00fcr die Einlagerung von Surfmaterial in den Vereinscontainern am S\u00fc\u00dfen See werden folgende Geb\u00fchren erhoben:<\/p>\n<p>&#8211;&nbsp; je Surfbrettfach&nbsp;=&nbsp;2,50 EUR pro Monat<\/p>\n<p>&#8211;&nbsp; je Segelfach&nbsp;=&nbsp;2,50 EUR pro Monat<\/p>\n<p>Die Geb\u00fchren sind im Voraus f\u00fcr das gesamte Jahr bis zum 31. M\u00e4rz des laufenden Jahres f\u00e4llig.<\/p>\n<p><strong>(b)<\/strong> Sollte ein Mitglied mit mehr als drei monatlichen Surfbrett- oder Segelfachgeb\u00fchren im&nbsp; R\u00fcckstand sein und diesen auch nach einer Mahnung nicht ausgleichen, ist der Verein berechtigt, die F\u00e4cher zu ber\u00e4umen und das Material anderweitig einzulagern, wof\u00fcr eine Geb\u00fchr in H\u00f6he von 30,00 EUR erhoben wird. Die Herausgabe kann von der vollst\u00e4ndigen Bezahlung aller R\u00fcckst\u00e4nde abh\u00e4ngig gemacht werden.<\/p>\n<p><strong>(c)<\/strong> F\u00fcr die Containerschl\u00fcssel wird ein Pfand von 20,00 EUR je Schl\u00fcssel erhoben.<\/p>\n<p>Der Pfandbetrag ist bei Empfang des Schl\u00fcssels f\u00e4llig und wird nach der R\u00fcckgabe der Schl\u00fcssel erstattet.<\/p>\n<p>Bei den Schl\u00f6ssern an den Containern handelt es sich um hochwertige Sicherheitsschl\u00f6sser. Daher sind bei Verlust oder Nichtr\u00fcckgabe eines Schl\u00fcssels die Kosten f\u00fcr Ersatz des Schl\u00fcssels und soweit notwendig bzw. erforderlich, auch die Kosten eines Austausches des betreffenden Schlosses einschlie\u00dflich aller Schl\u00fcssel hierzu, unter Anrechnung des Pfandbetrages, zu ersetzen.<\/p>\n<p><strong>(d)<\/strong> F\u00fcr jeden runden Vereinsaufkleber wird eine Geb\u00fchr von 1,00 EUR erhoben.<\/p>\n<p>Jedes Neumitglied erh\u00e4lt 2 runde Vereinsaufkleber kostenlos.<\/p>\n<p>&nbsp;<\/p>\n<p>Der Verein stellt die Lagerpl\u00e4tze nur zur Verf\u00fcgung, eine Nutzung erfolgt grunds\u00e4tzlich auf eigene Gefahr und auf eigenes Risiko. Der Verein haftet somit nicht f\u00fcr Verlust oder Besch\u00e4digung des eingelagerten Materials.<\/p>\n<p>&nbsp;<\/p>\n<p>Alle regelm\u00e4\u00dfigen Zahlungen erfolgen ab dem 01.01.2016 ausschlie\u00dflich per Dauerauftrag durch das Mitglied auf das Konto des Windsurfclub Halle-Seeburg IBAN:&nbsp;DE35800937840001066285&nbsp;| BIC:&nbsp;GENODEF1HAL | Volksbank Halle.<\/p>\n<p>&nbsp;<\/p>\n<p>Die vorliegend Fassung der Beitrags- und Finanzordnung wurde auf der Mitgliederversammlung am 23.01.2016 ordnungsgem\u00e4\u00df beschlossen und tritt r\u00fcckwirkend zum 01.01.2016 in Kraft.<\/p>\n<p>&nbsp;<\/p>\n<p>\u00bb <a href=\"http:\/\/sweetlaker.de\/cms\/wp-content\/uploads\/2015\/03\/Aufnahmeantrag2015.pdf\" target=\"_blank\" rel=\"noopener\">Link zum Aufnahmeantrag<\/a><\/p>\n","protected":false},"excerpt":{"rendered":"<p>Beitrags\u2011 und Finanzordnung &nbsp;(PDF Download)&nbsp;(Stand: 24.01.2015) &nbsp; (1) Aufnahmegeb\u00fchr Die Aufnahmegeb\u00fchr betr\u00e4gt 50,00 EUR. Sie ist vor Beginn der einj\u00e4hrigen&#46;&#46;&#46;<\/p>\n","protected":false},"author":1,"featured_media":0,"parent":0,"menu_order":0,"comment_status":"closed","ping_status":"open","template":"","meta":{"ngg_post_thumbnail":0,"footnotes":""},"class_list":["post-45","page","type-page","status-publish","hentry"],"_links":{"self":[{"href":"http:\/\/sweetlaker.de\/cms\/wp-json\/wp\/v2\/pages\/45","targetHints":{"allow":["GET"]}}],"collection":[{"href":"http:\/\/sweetlaker.de\/cms\/wp-json\/wp\/v2\/pages"}],"about":[{"href":"http:\/\/sweetlaker.de\/cms\/wp-json\/wp\/v2\/types\/page"}],"author":[{"embeddable":true,"href":"http:\/\/sweetlaker.de\/cms\/wp-json\/wp\/v2\/users\/1"}],"replies":[{"embeddable":true,"href":"http:\/\/sweetlaker.de\/cms\/wp-json\/wp\/v2\/comments?post=45"}],"version-history":[{"count":13,"href":"http:\/\/sweetlaker.de\/cms\/wp-json\/wp\/v2\/pages\/45\/revisions"}],"predecessor-version":[{"id":3616,"href":"http:\/\/sweetlaker.de\/cms\/wp-json\/wp\/v2\/pages\/45\/revisions\/3616"}],"wp:attachment":[{"href":"http:\/\/sweetlaker.de\/cms\/wp-json\/wp\/v2\/media?parent=45"}],"curies":[{"name":"wp","href":"https:\/\/api.w.org\/{rel}","templated":true}]}}